factor of 2869505145?
True
Does 469 divide 25593273?
False
Is 2184243904 a multiple of 4646?
False
Is 97 a factor of 7503620?
False
Is 9 a factor of 79084152?
True
Is 233 a factor of 53585701?
False
Is 16001449 a multiple of 7?
False
Is 692 a factor of 312997736?
False
Does 51 divide 20726748?
False
Does 12 divide 79703981?
False
Is 4 a factor of 25102576?
True
Does 339 divide 313976037?
True
Is 5 a factor of 179235?
True
Is 9961816 a multiple of 57?
False
Is 43 a factor of 9469847?
True
Does 9 divide 34594456?
False
Is 187 a factor of 58179012?
False
Is 1805 a factor of 50623912?
False
Is 121225113 a multiple of 153?
True
Does 7 divide 571963467?
False
Does 7 divide 12493364?
False
Does 109 divide 71586301?
False
Is 38930120 a multiple of 28?
False
Is 1687409738 a multiple of 14?
True
Is 8 a factor of 320174248?
True
Is 215 a factor of 250219365?
True
Does 3 divide 818613?
True
Is 31697294 a multiple of 198?
False
Is 114118608 a multiple of 6?
True
Is 53 a factor of 49922282?
False
Is 3361 a factor of 2348322627?
False
Does 477 divide 62263287?
True
Is 65418351 a multiple of 129?
True
Is 832 a factor of 202120235?
False
Is 2085608803 a multiple of 14?
False
Does 29 divide 23222569?
False
Is 456849796 a multiple of 17?
False
Is 61 a factor of 136868323?
True
Is 65200352 a multiple of 7?
True
Does 10 divide 48301960?
True
Is 818 a factor of 26952750?
False
Is 211525547 a multiple of 336?
False
Does 11 divide 5422584?
False
Is 532 a factor of 153560874?
False
Does 74 divide 151783472?
True
Is 15 a factor of 611139910?
False
Is 11395692 a multiple of 66?
True
Is 68319710 a multiple of 1533?
False
Does 41 divide 78104295?
False
Is 11 a factor of 70889160?
False
Is 585 a factor of 2185131864?
False
Is 271 a factor of 306094746?
False
Is 997199154 a multiple of 2709?
True
Does 3025 divide 67155929?
False
Is 5021 a factor of 4338405092?
True
Does 173 divide 435033297?
False
Does 26 divide 186680?
True
Is 1574889912 a multiple of 423?
True
Does 481 divide 483311437?
False
Is 76765517 a multiple of 1167?
False
Does 470 divide 144215531?
False
Does 13 divide 62499098?
False
Does 881 divide 9880415?
True
Does 53 divide 1565885?
True
Does 72 divide 112056603?
False
Is 4724445 a multiple of 3?
True
Is 61 a factor of 68847233?
False
Is 10 a factor of 36093334?
False
Is 82 a factor of 532617470?
True
Is 6125 a factor of 1881146750?
True
Is 1455084 a multiple of 729?
True
Does 127 divide 140041249?
True
Does 2031 divide 89662405?
False
Is 1481303928 a multiple of 4473?
False
Is 13013406 a multiple of 1791?
True
Does 25 divide 3196641?
False
Does 30 divide 6374374?
False
Is 84411434 a multiple of 44?
False
Is 5242900 a multiple of 50?
True
Does 208 divide 7156864?
True
Is 72 a factor of 802652814?
False
Is 211751716 a multiple of 4708?
True
Does 63 divide 767797254?
True
Is 8 a factor of 41699697?
False
Is 2834191067 a multiple of 209?
False
Is 146 a factor of 154726712?
True
Is 22451646 a multiple of 151?
False
Is 1796 a factor of 29328680?
True
Is 91046080 a multiple of 1856?
True
Is 15 a factor of 2948374484?
False
Is 12 a factor of 38166084?
True
Is 35493696 a multiple of 576?
True
Is 82 a factor of 152338198?
False
Is 10679930 a multiple of 64?
False
Does 292 divide 197897139?
False
Is 6140484220 a multiple of 10?
True
Does 263 divide 54253455?
False
Is 446107977 a multiple of 23?
True
Is 31 a factor of 537394268?
False
Is 19600135 a multiple of 74?
False
Does 272 divide 942068114?
False
Does 539 divide 202092420?
False
Is 140 a factor of 3184516?
False
Does 24 divide 5998067701?
False
Is 13 a factor of 276989597?
False
Is 4266822 a multiple of 21?
True
Is 55180893 a multiple of 831?
True
Does 8531 divide 5878352436?
False
Is 164 a factor of 1221162701?
False
Does 21 divide 2089789070?
False
Is 365509887 a multiple of 1257?
False
Does 421 divide 255698374?
False
Does 584 divide 54236748?
False
Does 27 divide 21603402?
True
Does 113 divide 505657937?
True
Is 3913829440 a multiple of 3734?
True
Is 1521 a factor of 45931158?
True
Is 31657764 a multiple of 852?
True
Is 102539611 a multiple of 732?
False
Is 364 a factor of 943028996?
True
Does 1083 divide 140961637?
False
Is 6719801468 a multiple of 29?
True
Is 146 a factor of 1176645974?
True
Is 41 a factor of 4517667?
True
Is 24 a factor of 184230360?
True
Is 726026925 a multiple of 13?
True
Is 23 a factor of 1878768?
False
Does 80 divide 32021440?
True
Does 100 divide 9756100?
True
Is 113077107 a multiple of 143?
True
Is 15610647 a multiple of 39?
True
Does 141 divide 5138886?
True
Is 132 a factor of 1608792372?
True
Does 1043 divide 62630950?
False
Is 35 a factor of 717984059?
False
Is 162971271 a multiple of 9?
True
Is 2479380536 a multiple of 179?
False
Does 1454 divide 46873443?
False
Is 4642 a factor of 392544710?
False
Is 218916792 a multiple of 9?
True
Does 757 divide 2577474478?
True
Is 35997192 a multiple of 12?
True
Does 64 divide 17555456?
True
Does 212 divide 655831752?
True
Is 28 a factor of 9421090?
False
Is 3703666200 a multiple of 475?
True
Is 1274 a factor of 3563755?
False
Is 37571445 a multiple of 211?
False
Does 42 divide 37087554?
True
Is 1073189735 a multiple of 5?
True
Does 2986 divide 693847501?
False
Is 285 a factor of 43894390?
False
Does 257 divide 79437415?
True
Is 223072218 a multiple of 8733?
False
Does 396 divide 44210322?
False
Is 1641307912 a multiple of 886?
True
Is 58695143 a multiple of 2632?
False
Does 25 divide 22993179?
False
Is 1026 a factor of 12006252?
True
Does 351 divide 31220667?
False
Does 389 divide 10957741?
True
Is 3 a factor of 21252526?
False
Is 432 a factor of 15332976?
True
Is 2997560700 a multiple of 3060?
True
Is 3258 a factor of 11451686?
False
Does 6 divide 30376703?
False
Is 1085 a factor of 325225495?
True
Is 34651011 a multiple of 107?
False
Does 540 divide 2224885?
False
Does 16 divide 11916744?
False
Is 29 a factor of 30184748?
False
Is 2562 a factor of 83313793?
False
Does 3176 divide 10199431?
False
Is 520 a factor of 44250474?
False
Is 51 a factor of 165193726?
False
Is 14 a factor of 445619672?
False
Does 677 divide 46867273?
False
Is 44196276 a multiple of 33?
False
Is 34 a factor of 106568738?
False
Is 868 a factor of 68308996?
True
Is 83 a factor of 198835796?
True
Does 18 divide 639828?
True
Is 6 a factor of 1424424?
True
Is 9465148 a multiple of 5?
False
Does 27 divide 16626761?
False
Does 83 divide 64028064?
False
Is 3 a factor of 3047235?
True
Is 45773712 a multiple of 492?
True
Does 15 divide 624104261?
False
Does 78 divide 2202020128?
False
Does 124 divide 364783944?
True
Does 20 divide 2715749?
False
Is 47273688 a multiple of 22?
True
Is 221782420 a multiple of 20?
True
Does 634 divide 161358198?
False
Does 8 divide 1423000?
True
Is 379198581 a multiple of 36?
False
Is 1123 a factor of 374897691?
False
Does 25 divide 27496625?
True
Is 1261 a factor of 134193098?
True
Is 80 a factor of 7301040?
True
Is 221 a factor of 1330136852?
False
Does 14 divide 1057391259?
False
Is 13 a factor of 32598917?
True
Does 49 divide 36886036?
False
Is 537336840 a multiple of 638?
False
Does 29 divide 67497848?
True
Is 1704 a factor of 2445166728?
True
Is 15808154 a multiple of 241?
True
Is 6989664 a multiple of 16?
True
Does 681 divide 480662323?
False
Is 27598079 even?
False
Is 85516906 a multiple of 146?
False
Is 2 a factor of 2473809?
False
Is 881052145 a multiple of 85?
False
Is 4 a factor of 299407552?
True
Is 41937164 a multiple of 46?
False
Does 19 divide 298782961?
True
Is 11 a factor of 257494773?
False
Is 110769421 a multiple of 1141?
True
Is 25 a factor of 25311650?
True
Is 111101528 a multiple of 148?
True
Is 14 a factor of 179310642?
True
Does 468 divide 6320052?
False
Is 510406360 a multiple of 3160?
True
Is 280 a factor of 770766279?
False
Does 1581 divide 1904600661?
True
Is 524 a factor of 5372048?
True
Does 72 divide 1237687103?
False
Does 38 divide 996510990?
False
Is 4252187888 a multiple of 5023?
False
Is 1727649 a multiple of 9?
True
Does 536 divide 684394280?
True
Does 890 divide 17355890?
True
Is 402659112 a multiple of 8248?
True
Does 308 divide 4604102?
False
Is 31102404 a multiple of 1011?
True
Is 1044536122 a multiple of 3358?
True
Does 33 divide 107147509?
False
Does 353 divide 46194992?
True
Is 387474016 a multiple o